= -4*k - 20, -c - 2 = a*k. What is the tens digit of (2246/(-5))/k + 46/115?
2
Suppose -170*r + 3916800 = 54*r - 20*r. What is the tens digit of r?
0
Suppose p = 4*j + 3176 - 576, 4*j = -14*p + 36160. What is the hundreds digit of p?
5
Let h(t) = -2*t - 50. Let x be h(-25). Let c be (-2)/6 + (154/21 - 4). Suppose -c*l - 3*z - 2*z + 235 = x, 2*l - 125 = 3*z. What is the tens digit of l?
7
Let p = -31 - -36. Suppose -o - 5 = 0, 3*o = -p*v + 2*o + 75. Suppose 2*a + 336 = 5*i, -3*a - 223 = -3*i - v. What is the units digit of i?
6
Suppose 4*g - 338 + 394 = 0. What is the units digit of ((-98049)/g)/21 + 3/2?
5
Let x(b) = b**3 - 8 - 2*b + 9*b**2 + 9*b - 5*b. Let s be x(-7). Suppose m = s - 26. What is the units digit of m?
0
Let p(k) = -13*k - 9. Let x be p(-1). Suppose -602 = -5*f - 2*w + x*w, 0 = -f - 2*w + 130. What is the units digit of f?
2
Let o = 7 - 83. Let j = 9 - o. What is the tens digit of j?
8
Suppose 148 = -5*x + 7*x. Let v = x + -76. What is the tens digit of (-1*(-44)/12)/(v/(-24))?
4
Suppose 2*t + 6342 = -23*l + 24*l, -5*l - t + 31732 = 0. What is the thousands digit of l?
6
Let t = 59 + -23. Suppose a + 8*a = t. Suppose 2*h = a*g - 338, -3*h + 164 - 15 = 2*g. What is the units digit of g?
2
Let l(a) = 3*a**2 + 38*a + 29. Let c be l(-12). Suppose -545 = -3*w + 3*j - 134, -c*j = 20. What is the units digit of w?
3
Let p = -51 + 51. Let s be -4 - -114 - (p + -2). Suppose 2*x + 12 + s = 2*a, 4*x = -12. What is the tens digit of a?
5
Let k be 2*899 - (12 - 14). Suppose 6*s - k = -438. What is the tens digit of s?
2
Suppose j + l - 20726 = 0, 4*j + 71*l - 74*l = 82918. What is the units digit of j?
8
What is the tens digit of ((-74)/(-111))/(4 + (-26698)/5340 + 1)?
8
Let j be 12*(51/6 + -6). Let d = 44 + j. What is the tens digit of d?
7
Suppose -2*j + 50 = -c, -2*j = 2*c + 3*c + 214. Let z = c + 55. Suppose -z*g + 263 = -1200. What is the units digit of g?
3
Let k be (-1 - 0)*(10 - (-24)/(-2)). Suppose -k*z = -1093 + 159. What is the units digit of z?
7
Suppose -153*i = -146*i - 8197. Let u = i + -633. What is the units digit of u?
8
Suppose k - 14771 = 17099 - 5411. What is the ten thousands digit of k?
2
Let u(q) = 1 + 30 + 200*q + 81 + 61. What is the tens digit of u(6)?
7
Suppose -36*k = -43*k + 504. Let u = 216 - k. What is the units digit of u?
4
Suppose 64*f - 956983 = 592713. What is the hundreds digit of f?
2
Let o = -713 + 21900. What is the tens digit of o?
8
What is the units digit of (-10)/(-5) + 19/(95/4200)?
2
Suppose 0 = 4*h - 3*n - 39978, -52 = 5*n - 62. What is the thousands digit of h?
9
Suppose -2*n = -4*y - 12, -35 = -4*n - 3*y - 11. Suppose -n*s + 405 = -s. What is the units digit of s + (-8 + 4 - -6)?
3
Let l be -10*(-2 - 0/(-1)). Suppose -134*j + 128*j = 174. Let u = l - j. What is the units digit of u?
9
Suppose 10 = -8*a - 22. Let f be a/(-3)*(10 + -4). Suppose -356 = f*l - 2196. What is the units digit of l?
0
Let k(n) = 11*n**2 + 194*n + 49. What is the hundreds digit of k(-19)?
3
Let i(h) = 30*h**2 + 2*h - 2. Suppose 5*m + 2 = -8. Let p be i(m). Let g = 218 - p. What is the units digit of g?
4
Suppose -13452 - 13768 + 1652 = -16*l. What is the thousands digit of l?
1
Let f(i) = i**3 + 8*i**2 + 7*i - 14. Let w be f(-6). Suppose 2*c = -4*r + 4*c + 16, -2*r = -3*c - w. Suppose -65 - 155 = -r*j. What is the units digit of j?
0
Suppose 22*b = 27*b + 15. What is the tens digit of 316/((-17)/b - (7 + -2))?
7
Let q = 6132 + -686. What is the thousands digit of q?
5
Let f = 637 - 632. What is the thousands digit of (-15)/(-75) + 6789/f?
1
Let w = -109 + 84. Let a = -13 + w. What is the hundreds digit of 428/(-6)*57/a?
1
Let u be (-960)/(-48)*2*2/(-10). Suppose -8 = 4*h, 5*r + 45 + 49 = -2*h. What is the units digit of u/(-12) + (-60)/r?
4
Let i be (-4)/6 + (-176)/33. What is the hundreds digit of 2/(i/(-5)) + (-8142)/(-18)?
4
Suppose -2*t + 240*d + 2722 = 235*d, -3*t + 2*d + 4094 = 0. What is the tens digit of t?
6
Suppose -2 + 8 = -3*l, -4*l + 1690 = 3*p. Suppose y + u + 3*u = -296, -5*u = -2*y - p. What is the tens digit of (-7)/(14/(-10)) - y?
9
Suppose m + m = -12. Let z(r) = r**2 + 6*r + 7. Let i be z(-2). What is the hundreds digit of (598/m)/i + (-5)/(-15)?
1
Let z = 851 + -526. Suppose l - 272 = -v, -3*l = -5*v - z - 491. Suppose x + 7*x - l = 0. What is the tens digit of x?
3
Let v be (7 - 11) + (1 - -120). Suppose -124*d = -v*d - 2653. What is the hundreds digit of d?
3
Suppose -1293 = -c + 9*y - 6*y, 0 = 4*c + 3*y - 5232. Suppose -3*f + g + c = 4*g, 2*f - 4*g - 858 = 0. What is the hundreds digit of f?
4
Let r(h) = -2*h - h**3 + 4*h**3 + h**2 + 2 - 5*h**3 + 10*h. Let i be r(-6). What is the tens digit of 9/(-12) + i/8 + -2?
5
Let x be (-1 - -3)/((-5)/(-5)). Let p be 22/55 - (0 - x/(-5)). Suppose -z + 6*z = 5*b - 255, p = 5*b - 4*z - 260. What is the tens digit of b?
5
Suppose 0 = 4*o - 17 - 3. Suppose 0 = o*c + 3 - 13. What is the units digit of (784/21)/(c/6)?
2
Let o = 2307 + 8333. Suppose 106*m - 92*m - o = 0. What is the hundreds digit of m?
7
Let k(r) = -r**3 + 3*r**2 + 5*r + 13. Suppose 7*c = -24 - 18. What is the hundreds digit of k(c)?
3
Let q(i) = 1736*i**2 + 708*i - 4230. What is the thousands digit of q(6)?
2
Suppose -240*c + 95*c - 203*c + 7231788 = 0. What is the thousands digit of c?
0
Let d = 62 + 259. Let g = 411 - d. What is the units digit of g?
0
Let y(l) = 13*l + 17 - l + 6 + 11*l**2. What is the hundreds digit of y(-6)?
3
Let i = 647 - 629. What is the units digit of (-4)/i + 88065/81?
7
Let b(d) = 4*d**3 - 6*d**2 + 7*d - 2. Let r be b(-5). Let m = -318 - r. What is the hundreds digit of m?
3
Let u(b) = b**3 + 7*b**2 - 6*b + 25. Let v = -77 - -69. Let y be u(v). Suppose -2*m + 27 = -y. What is the units digit of m?
8
Let m(u) = -37*u**3 + 9*u**2 - 119*u - 898. What is the units digit of m(-8)?
4
What is the units digit of (((-88)/12)/11)/(30/(-9))*8115?
3
Let a be (-101)/(-3)*(-45)/(-5). Let y = a - -48. What is the tens digit of y?
5
Suppose -122*t = -29320 - 57056. What is the hundreds digit of t?
7
Suppose -10*b - 43816 = -229236. What is the hundreds digit of b?
5
Let j be 0*(-6)/(-48) - -2. Suppose j*q = m + 625, 0 = 3*q - 0*q - 3*m - 936. What is the units digit of q?
3
Suppose -290*s + 268894 = -259*s. What is the thousands digit of s?
8
Suppose -339*k - 348921 + 4949875 + 1394939 = 0. What is the thousands digit of k?
7
Let o be (3/2)/((-6)/(-52)). Let w = 11 - o. What is the hundreds digit of -3 + 0 + (-7)/w*68?
2
Let f be -4 + -6 + 1 + 80. Suppose f = -2*n + 715. What is the units digit of n?
2
Suppose j + 192*u = 197*u + 8865, -3*j - u + 26579 = 0. What is the tens digit of j?
6
Suppose -2*i = 5*j + 16, j = 2*j + i + 5. What is the tens digit of (49 + -50)/(j/1064)?
3
What is the units digit of 1/(-5) + 834150/125 + 25?
8
Let o(k) = 483*k**2 - 93*k + 84. What is the ten thousands digit of o(6)?
1
Let l(i) = 17*i**2 - 16*i + 31. Let o be l(-21). Suppose -13*g + 5*g + o = 0. What is the units digit of g?
3
What is the units digit of 7/((-273)/(-52))*(-1 - (-381220)/16)?
7
Let o = 21623 + 17898. What is the tens digit of o?
2
Suppose -126*i + 130*i = 16. Suppose -i*b - 5*u + 2893 = 0, -2*b = -7*u + 8*u - 1439. What is the hundreds digit of b?
7
Let m(g) = -3*g**3 + 18*g**2 - 2*g + 4. Let v(b) = -2*b**3 + 21*b**2 - b + 5. Let w(d) = -3*m(d) + 2*v(d). What is the units digit of w(3)?
7
Let r(d) = 9*d - 10 - 27 - 13 - 5. What is the units digit of r(10)?
5
Let s(o) = -o**3 + 20*o**2 - 17*o - 35. Let x be s(19). Suppose -m - 2*m = -5*z + 4120, 2472 = x*z + 4*m. What is the hundreds digit of z?
8
Suppose -32 = 4*f - v, 3*f + 0 = -5*v - 47. Let h be 26/(f/((-27)/(-6))). Let w = 82 + h. What is the units digit of w?
9
What is the tens digit of -2 + 9 + 122559/(-5 - -8)?
6
Suppose 145 = -16*d - 47. What is the hundreds digit of -1*(-4)/d*-2181?
7
Let l(q) = -q**2 + 16*q - 3. Let r = -31 - -46. Let z be l(r). Suppose 175 = z*y - 7*y. What is the units digit of y?
5
Let v = 14646 - 14054. What is the hundreds digit of v?
5
Let t = 79 + -501. Let q = 626 + t. Suppose -13*o - q = -16*o. What is the tens digit of o?
6
Let d(l) = 680*l**2 - 9*l + 9. Let s(c) = 85*c**2 - c + 1. Let v(b) = -6*d(b) + 51*s(b). What is the tens digit of v(1)?
5
Let l be ((-4)/2)/((-48)/(-18) + -3). Suppose 